t common factor of 793 and x.
61
Suppose -f + 283*d = 278*d - 28, f - 25 = 4*d. Calculate the greatest common factor of f and 2509.
13
Let k = -81 + 146. Let u be (-10)/k + 84/39. Suppose 69 = 4*w + o, -3*w + 13 = -u*o - 25. What is the highest common factor of w and 4?
4
Let v = -96 - -72. Let p be -156*(3/36)/(6/v). Calculate the greatest common factor of p and 884.
52
Suppose -992 = -31*d - 31*d. What is the highest common divisor of 172 and d?
4
Let g be (-1)/(-1 - (4755/594 - 9)). Calculate the highest common factor of g and 44.
22
Suppose -119*w + 5090 = 4257. Suppose 2*s + 535 = 3*j, 2*s - 62 - 278 = -2*j. What is the highest common factor of j and w?
7
Let a be 1/5 + (-1272)/(-15). Let z(p) = 9*p + 102. Let r be z(-12). Let s be (-1)/(2/r) - (-3 + -11). What is the greatest common divisor of a and s?
17
Let i be 325 - (10 + (-7 - 6/(-3))). Let h(x) = -77*x + 773. Let t be h(9). What is the greatest common divisor of t and i?
80
Let y = 81 + -71. Suppose -y*z + 251 = -49. Let j be -27*(-5 - z/(-9)). What is the greatest common divisor of j and 9?
9
Let k(w) = 35*w + 148. Let u(a) = -12*a - 50. Let y(t) = -3*k(t) - 8*u(t). Let j be y(-20). What is the greatest common divisor of j and 34?
34
Suppose v = -3*v + 6572. Suppose 1 = 5*m + 4*f - 170, 3*f - 12 = 0. What is the highest common divisor of m and v?
31
Let v = 300 + -292. Let l be (-23949)/(-72) - (-3)/v. Calculate the greatest common divisor of 9 and l.
9
Suppose -56*v + 1347 = -55*v + 3*b, -4 = 2*b. What is the greatest common factor of v and 66?
33
Let f be (-5)/6 - -1 - (-579)/(-18). Let c = f + 55. Let j = c - 7. Calculate the greatest common divisor of j and 16.
16
Suppose -1132 = -36*a + 1172. Calculate the highest common divisor of a and 70.
2
Let k = 438 + -435. Suppose 2*a - 3*a - 4*r + 15 = 0, 3*a + 2*r = 15. Suppose -a*o = k*i - 5 - 10, -i = 4. Calculate the greatest common divisor of o and 3.
3
Suppose -4*r + 4 = u, 5*u - 20 = 7*r - 2*r. Suppose 4*x - 655 + 515 = r. What is the highest common factor of x and 25?
5
Suppose -832*f + 837*f = -3*c + 6, -6*f + 2*c = -52. Let k = 51 + -33. Calculate the greatest common factor of k and f.
6
Let v(u) = u**2 + 6*u + 9. Let k(f) = -f**2 + 8*f. Let z be k(7). Let h be v(z). Let t = -670101 - -670126. What is the greatest common divisor of t and h?
25
Suppose 0 = w - 2*g - 8, 2*w - 18*g = -16*g + 10. Suppose 0 = 4*h + x - 1519 + 405, w*x - 275 = -h. Calculate the greatest common factor of h and 9.
9
Let y(m) = 4 + 1074*m + 7*m**2 - 1085*m + 4*m**2. Let t be y(4). Calculate the greatest common divisor of 612 and t.
68
Let j(m) = 101*m**3 + 3*m**2 + 19*m - 30. Let z be j(2). What is the highest common divisor of 324 and z?
36
Let f(x) = -12*x**3 + 2*x**2 - 2*x - 6. Suppose 7 = -5*k + 42. Let q be 12/28 - 24/k. Let b be f(q). What is the greatest common divisor of b and 38?
38
Let g = -2169 + 2199. What is the greatest common divisor of 8895 and g?
15
Suppose o - 1312 = -1005. Suppose -2700 = o*l - 313*l. Calculate the greatest common factor of l and 18.
18
Let h = -2 + 4. Suppose 5*s + 3*f - 2*f - 14 = 0, 7 = 3*s + h*f. Let g be (((-912)/(-95))/6)/((-4)/(-60)). What is the highest common divisor of g and s?
3
Let w be (-1 - 2) + 535 + 36/(-4) + 5. Calculate the highest common factor of 90 and w.
6
Let p(w) = 5*w**2 + 615*w - 989. Let t be p(-125). Let m(d) = 6*d + 5. Let n be m(4). Calculate the greatest common factor of t and n.
29
Suppose -t + 4*l = -1762, -8898 = -494*t + 489*t - 2*l. Calculate the greatest common divisor of t and 140.
14
Let d be 29/((0 - 2)/(-2)). Suppose -6*r = -0*r + 1938. Let m = r - -439. Calculate the highest common divisor of m and d.
29
Let l be (-6)/(-9)*9/(-3). Let m be ((-4 - (3 + -4)) + -41)*l. Suppose -7*y - m = -11*y. What is the highest common divisor of y and 2?
2
Suppose 64*m - 57*m = 7224. What is the highest common divisor of m and 1290?
258
Let n(u) = 184*u - 652. Let w be n(4). Calculate the greatest common divisor of w and 462.
42
Suppose -4*t + l = -841, 2*l - 4*l = 10. Suppose 4*b - 3*z - 67 = 0, 3*b - 743*z - 45 = -739*z. What is the greatest common factor of b and t?
19
Suppose 0 = 3*y + b + 58, -4*b = -b + 12. Let k(w) = w + 24. Let f be k(y). Calculate the highest common divisor of f and 9.
3
Let g = -178 + 180. Suppose 5*l + 262 = g*w, w + 4*l = 6*w - 638. Calculate the greatest common factor of w and 18.
18
Suppose -148 + 356 = -3*t + 5*t. Calculate the highest common factor of t and 560.
8
Suppose -3*n - 2*z + 72 = 3*z, 120 = 5*n - 4*z. Suppose 14*h - 144 - n = 0. Let l = -99 - -159. What is the greatest common divisor of l and h?
12
Suppose -19*w - 10 = -21*w, 87 = u + 4*w. Suppose -k + 7*v + u = 11*v, 8 = -4*v. What is the greatest common factor of 30 and k?
15
Suppose 2*x + 3*y + 8 = -1, -4*x - y = -7. Suppose -x*f - 3*k + 816 = 42, -5*f = -k - 1272. Calculate the highest common divisor of f and 102.
51
Let q(g) = g**3 + 16*g**2 - 24*g - 44. Suppose 0 = 6*i + 141 - 39. Let b be q(i). What is the greatest common factor of 25 and b?
25
Let d(y) = y**2 + 12*y + 55. Let w be d(-8). What is the highest common factor of w and 13?
1
Suppose 0 = 2*s + 4*m - 196, s + 4*m - 286 = -2*s. What is the highest common divisor of s and 2080?
10
Let y(j) = 1962*j**2 + 6*j + 6. Let s be y(-1). Calculate the greatest common divisor of 27 and s.
9
Let j be (-2)/4*(-10 - -16) + 3. Suppose -r = j, -2*p + 2*r = -0*r - 56. Calculate the greatest common divisor of 21 and p.
7
Suppose 3*z = -0*z + 1536. Let r be (-10)/95 + 390/95. Calculate the highest common factor of z and r.
4
Suppose -194 = y + 34. Let w be (6/(-24))/(3/y). What is the greatest common divisor of w and 19?
19
Let k(l) = -11*l - 8 - l**3 - 9*l + 7*l**2 + 25*l. Let q be k(6). Suppose -4*n + 26 + q = 0. Calculate the greatest common divisor of 6 and n.
3
Let j = -3615 - -3692. What is the greatest common divisor of j and 5621?
77
Suppose 0 = -s + 174*z - 169*z + 113, -2*z = -5*s + 335. Let j be -39*(-1 + 0) - 3. What is the highest common factor of s and j?
9
Suppose 24 - 81 = -b. Suppose -153 - b = -6*w. What is the highest common divisor of w and 280?
35
Let f be 9450/(-36)*(-10)/15. What is the highest common factor of f and 595?
35
Suppose 4*o - g = 9 + 10, o - g = 1. Suppose 138*u - 29244 = -127*u + 966. What is the highest common divisor of o and u?
6
Suppose 0 = -18*r + 4363 - 439. What is the greatest common divisor of 15478 and r?
218
Suppose 45201 = 58*m - m. Calculate the highest common factor of 61 and m.
61
Suppose 3*q - 3 = j - 4, 4*q = 5*j - 5. Let y be q + 0 + (9 + 5 - -4). Suppose -y*z = -20*z + 38. What is the greatest common divisor of z and 133?
19
Let q = -13193 - -15999. Calculate the greatest common factor of q and 506.
46
Suppose 0 = -2*k - 28 + 12. Let t = k - -63. Suppose -3*y + 11 = 3*c - t, -3*y = c - 22. What is the highest common factor of 22 and c?
22
Suppose 53 - 173 = -5*a. Suppose 5*q = -3*q + 640. Suppose -3*s - q = -5*s. What is the greatest common divisor of s and a?
8
Suppose -3*g = -3*q + 5*q - 73, -g + 2*q = -27. Let k = -71 - -121. Calculate the highest common divisor of k and g.
25
Let f = -26774 + 27107. Calculate the greatest common divisor of f and 171.
9
Let t(z) = -27*z - 355. Let y be t(-15). Calculate the greatest common factor of 128 and y.
2
Let b be (-2 - 0)*(9 + 450/(-20))*7. Let q = -63 + 105. What is the greatest common factor of q and b?
21
Let l = 137 - -51. Suppose -4*w = -2*w + 3*y - l, 0 = -w - 5*y + 108. Calculate the greatest common divisor of w and 242.
22
Let v(i) = i**3 - 20*i**2 + 60*i + 30. Let s be v(17). What is the highest common factor of 1037 and s?
61
Suppose 15*w - 2*f - 2570 = 11*w, -w - 4*f + 638 = 0. Calculate the highest common divisor of w and 12.
6
Suppose -5*r - 2*f + 586 = 0, -9*f + 13*f = 4*r - 452. What is the greatest common factor of r and 2175?
29
Let p be (-1 - -6 - 6) + 2080. What is the highest common divisor of 77 and p?
77
Suppose 4*v - 454 = -2*j, -404 = -2*j + 4*v - 6. Calculate the greatest common factor of 2201 and j.
71
Let n(j) = 5*j + 117. Let m be n(-23). Suppose -r = m*g - 802, 737 = 2*g - r - 57. Calculate the highest common divisor of 21 and g.
21
Suppose -115*j + 584136 + 56438 = -384076. What is the greatest common factor of j and 1